s 12 a factor of 540?
True
Does 101 divide 18393?
False
Does 29 divide 35916?
False
Is 2 a factor of 24?
True
Does 111 divide 2267?
False
Does 18 divide 7128?
True
Is 1777 a multiple of 5?
False
Does 55 divide 6270?
True
Is 7620 a multiple of 80?
False
Does 24 divide 7992?
True
Is 33 a factor of 108986?
False
Does 10 divide 350?
True
Is 174 a multiple of 2?
True
Is 72 a factor of 396?
False
Does 35 divide 25690?
True
Is 16 a factor of 10528?
True
Is 16 a factor of 2192?
True
Is 45 a factor of 1382?
False
Is 46368 a multiple of 126?
True
Is 24 a factor of 1715?
False
Is 24 a factor of 67?
False
Is 14 a factor of 3559?
False
Is 14 a factor of 100529?
False
Is 19 a factor of 844?
False
Is 40 a factor of 1110?
False
Is 13 a factor of 1651?
True
Does 4 divide 510?
False
Does 2 divide 92?
True
Is 86 a factor of 26746?
True
Does 27 divide 9261?
True
Is 18 a factor of 13915?
False
Is 10 a factor of 13860?
True
Is 2485 a multiple of 32?
False
Does 83 divide 2460?
False
Does 17 divide 6256?
True
Does 15 divide 34665?
True
Does 7 divide 1616?
False
Is 2449 a multiple of 23?
False
Is 37 a factor of 185?
True
Is 9 a factor of 808?
False
Is 54 a factor of 1028?
False
Is 185 a factor of 13297?
False
Is 3705 a multiple of 13?
True
Does 16 divide 3298?
False
Is 150 a factor of 7650?
True
Is 21042 a multiple of 145?
False
Is 14767 a multiple of 161?
False
Is 8 a factor of 155?
False
Does 57 divide 4614?
False
Is 1482 a multiple of 57?
True
Is 41 a factor of 18450?
True
Is 22 a factor of 11047?
False
Is 8 a factor of 696?
True
Is 1140 a multiple of 30?
True
Is 2112 a multiple of 16?
True
Does 47 divide 1331?
False
Is 82 a factor of 25338?
True
Is 3565 a multiple of 31?
True
Is 76 a factor of 380?
True
Is 88 a factor of 14408?
False
Does 14 divide 308?
True
Is 64750 a multiple of 35?
True
Is 759 a multiple of 23?
True
Does 31 divide 196?
False
Is 42 a factor of 19098?
False
Is 9 a factor of 1535?
False
Is 9526 a multiple of 22?
True
Does 25 divide 891?
False
Is 534 a multiple of 21?
False
Is 21 a factor of 13104?
True
Is 85 a multiple of 58?
False
Is 6 a factor of 1080?
True
Does 19 divide 22743?
True
Is 9 a factor of 3268?
False
Does 3 divide 16191?
True
Is 4350 a multiple of 24?
False
Is 4972 a multiple of 22?
True
Does 39 divide 156?
True
Is 340 a multiple of 5?
True
Is 12 a factor of 1824?
True
Is 22 a factor of 43147?
False
Is 6 a factor of 462?
True
Is 3840 a multiple of 24?
True
Does 29 divide 46609?
False
Is 109 a factor of 1635?
True
Is 14164 a multiple of 71?
False
Is 6888 a multiple of 7?
True
Is 2553 a multiple of 4?
False
Does 31 divide 279?
True
Is 751 a multiple of 67?
False
Does 6 divide 9504?
True
Is 2066 a multiple of 33?
False
Is 9 a factor of 1170?
True
Is 5 a factor of 368?
False
Does 24 divide 187?
False
Does 28 divide 5908?
True
Does 10 divide 3810?
True
Does 100 divide 37700?
True
Is 12 a factor of 19674?
False
Does 25 divide 7675?
True
Is 198 a factor of 8316?
True
Is 171 a multiple of 9?
True
Does 18 divide 900?
True
Does 42 divide 116533?
False
Does 71 divide 568?
True
Is 64 a factor of 1497?
False
Is 108 a multiple of 12?
True
Is 2684 a multiple of 23?
False
Is 1409 a multiple of 13?
False
Is 95 a multiple of 5?
True
Does 94 divide 929?
False
Is 21 a factor of 21798?
True
Does 12 divide 27012?
True
Is 13 a factor of 2321?
False
Is 186 a multiple of 11?
False
Is 496 a multiple of 31?
True
Does 12 divide 413?
False
Does 47 divide 7708?
True
Is 4092 a multiple of 9?
False
Does 14 divide 196?
True
Is 24 a factor of 2583?
False
Does 18 divide 3258?
True
Is 11 a factor of 35937?
True
Does 8 divide 125?
False
Is 36 a multiple of 18?
True
Does 28 divide 18942?
False
Is 20244 a multiple of 42?
True
Is 1388 a multiple of 8?
False
Is 41 a factor of 9594?
True
Is 14167 a multiple of 13?
False
Is 13 a factor of 11492?
True
Is 42581 a multiple of 13?
False
Is 1589 a multiple of 16?
False
Does 7 divide 2479?
False
Is 83 a factor of 15770?
True
Is 4279 a multiple of 11?
True
Is 462 a multiple of 21?
True
Is 33 a factor of 5906?
False
Is 3 a factor of 594?
True
Is 205 a multiple of 3?
False
Is 17 a factor of 952?
True
Is 544 a multiple of 17?
True
Is 49 a factor of 15511?
False
Is 35200 a multiple of 88?
True
Is 357 a multiple of 21?
True
Is 7 a factor of 903?
True
Is 34 a factor of 637?
False
Does 19 divide 310?
False
Is 36 a factor of 259?
False
Is 39176 a multiple of 43?
False
Is 13068 a multiple of 11?
True
Is 5226 a multiple of 101?
False
Does 9 divide 994?
False
Does 17 divide 60197?
True
Does 19 divide 6498?
True
Does 12 divide 6321?
False
Does 115 divide 7330?
False
Does 12 divide 10683?
False
Is 368 a multiple of 46?
True
Is 192 a multiple of 2?
True
Is 3310 a multiple of 16?
False
Is 10 a factor of 406?
False
Is 589 a multiple of 64?
False
Is 128 a factor of 40704?
True
Is 44275 a multiple of 25?
True
Is 137 a factor of 7809?
True
Does 44 divide 572?
True
Is 12 a factor of 31896?
True
Does 34 divide 952?
True
Does 26 divide 2791?
False
Is 3 a factor of 3640?
False
Does 52 divide 728?
True
Is 46 a factor of 62054?
True
Is 22 a factor of 33888?
False
Is 117 a factor of 12305?
False
Does 14 divide 7876?
False
Is 1848 a multiple of 20?
False
Does 28 divide 4060?
True
Is 13 a factor of 4322?
False
Is 18325 a multiple of 13?
False
Does 33 divide 4191?
True
Does 14 divide 1504?
False
Is 59721 a multiple of 17?
True
Does 84 divide 6216?
True
Is 36 a factor of 2200?
False
Does 8 divide 496?
True
Is 47 a factor of 5572?
False
Is 1350 a multiple of 18?
True
Does 17 divide 1300?
False
Is 40 a factor of 440?
True
Does 8 divide 2032?
True
Does 19 divide 722?
True
Is 624 a multiple of 43?
False
Is 50442 a multiple of 15?
False
Is 12492 a multiple of 111?
False
Does 24 divide 111384?
True
Is 15 a factor of 8340?
True
Is 460 a multiple of 23?
True
Is 22988 a multiple of 14?
True
Does 7 divide 1045?
False
Is 46875 a multiple of 125?
True
Is 34835 a multiple of 68?
False
Is 9 a factor of 2485?
False
Is 32 a factor of 1312?
True
Does 6 divide 2508?
True
Is 621 a multiple of 8?
False
Is 25 a factor of 457?
False
Does 255 divide 32640?
True
Does 7 divide 564?
False
Is 817 a multiple of 11?
False
Does 34 divide 368?
False
Is 36 a factor of 2755?
False
Is 14842 a multiple of 18?
False
Is 57 even?
False
Is 9 a factor of 981?
True
Is 24 a factor of 856?
False
Is 37 a factor of 5719?
False
Is 658 a multiple of 7?
True
Does 178 divide 8086?
False
Is 14415 a multiple of 93?
True
Is 25 a factor of 200?
True
Does 12 divide 4558?
False
Is 3 a factor of 204?
True
Is 17983 a multiple of 21?
False
Does 10 divide 2690?
True
Does 146 divide 7008?
True
Is 26 a factor of 13884?
True
Does 2 divide 1181?
False
Does 7 divide 140?
True
Is 36 a factor of 63576?
True
Is 11 a factor of 286?
True
Does 13 divide 585?
True
Is 737 a multiple of 31?
False
Does 78 divide 2886?
True
Is 57014 a multiple of 29?
True
Is 13261 a multiple of 48?
False
Does 15 divide 420?
True
Does 19 divide 1436?
False
Is 399 a multiple of 31?
False
Is 23 a factor of 8242?
False
Does 26 divide 23400?
True
Is 33453 a multiple of 63?
True
Is 23 a factor of 2882?
False
Does 5 divide 74?
False
Does 8 divide 965?
False
Is 663 a multiple of 3?
True
Is 466 a multiple of 6?
False
Does 7 divide 837?
False
Is 2190 a multiple of 30?
True
Does 27 divide 24381?
True
Is 19 a factor of 19040?
False
Is 2384 a multiple of 16?
True
Is 110 a factor of 76560?
True
Is 3 a factor of 645?
True
Is 3358 a multiple of 33?
False
Is 17 a factor of 9231?
True
Is 1972 a multiple of 2?
True
Is 446 a multiple of 15?
False
Is 10 a factor of 24502?
False
Is 2179 a multiple of 39?
False
Is 136 a factor of 3833?
False
Is 5172 a multiple of 82?
False
Is 6174 a multiple of 98?
True
Is 2529 a multiple of 9?
True
Is 5338 a multiple of 47?
False
Does 19 divide 65?
False
Is 363 a multiple of 4?
False
Does 16 divide 79?
False
Is 6 a factor of 6894?
True
Is 23 a factor of 598?
True
Is 625 a multiple of 3?
False
Does 11 divide 7821?
True
Is 14 a factor of 1575?
False
Is 5805 a multiple of 129?
True
Is 17174 a multiple of 54?
False
Is 46866 a multiple of 82?
False
Does 50 divide 12400?
True
Is 79 a multiple of 45?
False
Is 48 a multiple of 8?
True
Is 708 a multiple of 19?
False
Does 5 divide 3085?
True
Does 22 divide 36168?
True
Is 66 a factor of 3854?
Fal